-5*c**2 - 4*c - 3. Let m(t) = 4*t**2 + 3*t + 3. Let a(l) = -5*i(l) - 6*m(l). Suppose 5*o = -0*o + 10. What is a(o)?
5
Let q = 11 - 10. Let d(k) = -4*k**3 - k**2 + k - 1. Give d(q).
-5
Let d(l) be the second derivative of l**4/6 - l**2/2 - 2*l. Let j = 1 - -1. Calculate d(j).
7
Let z(r) = r**3 + 5*r**2 + 4*r. Suppose -l = -s, -s - 2*s = -2*l - 2. Suppose -2*f = -4*j + 3*f - l, 4*f = -5*j + 18. Let t be (-6)/4*4/j. Calculate z(t).
6
Suppose 0 = -0*z - z. Suppose 3*d + 0 - 12 = z. Let j(p) be the first derivative of -p**3/3 + p**2 - 2*p - 1. Determine j(d).
-10
Let g(f) be the first derivative of -f**4/4 - 5*f**3/3 + 3*f**2/2 + 7*f - 7. Give g(-5).
-8
Let z be -1*4*(-1)/2. Let i(g) = 2 + 2 - z + 3*g - 5. Calculate i(2).
3
Suppose 2*a = -5*y - 9, 3*a = 5*y + 26 + 23. Suppose s = -s - a. Let t(q) = 2*q + 6. Determine t(s).
-2
Let p(k) = 4*k**2 + 2*k - 6. Let d(f) = -5*f**2 - f + 7. Let s(z) = -3*d(z) - 4*p(z). What is s(-6)?
-3
Let h(b) = -b**2 + 5*b. Let r be h(3). Let z(s) = s**3 - 7*s**2 + 5*s + 2. Give z(r).
-4
Let n(v) = 3*v**3 + 2*v + 1. Let f be n(-1). Let y(q) = 2*q + 2. What is y(f)?
-6
Let t(k) = k**2 + 1. Suppose -3 = c - 4. Calculate t(c).
2
Let c(p) = -p**3 - 7*p**2 - 7*p + 4. Let s = -8 + 2. Determine c(s).
10
Let c(k) be the third derivative of -k**5/60 + k**4/6 - k**3/2 - 20*k**2. Give c(3).
0
Let s(o) be the third derivative of 1/8*o**4 + 1/30*o**5 + 0 + 1/120*o**6 + 2*o**2 + 0*o + 1/6*o**3. Suppose 3*t + 0 = -6. Calculate s(t).
-5
Let k(x) = 5*x - 26. Let z(w) = -11 + 2*w - 9 + 3 + w. Let y(r) = -5*k(r) + 8*z(r). What is y(-6)?
0
Let f(h) be the third derivative of -h**6/120 - h**5/12 + h**4/24 + 5*h**3/6 + 4*h**2. Give f(-5).
0
Let c(j) = j**2 - 4*j - 8. Let o be c(6). Let z(i) be the third derivative of i**5/60 - 5*i**3/6 - 9*i**2. Determine z(o).
11
Let r(g) be the second derivative of g**4/12 + g**3/6 - 3*g**2/2 - 7*g. Calculate r(-4).
9
Let f(s) = s - 14. Let n be f(13). Let r(d) = -3*d**3 + d + 1. Calculate r(n).
3
Suppose -2*g = -g. Let y = -2 + g. Let v = 1 - y. Let z(b) = -b + 3. What is z(v)?
0
Suppose -2*v + 2*s - 14 = 0, s = 5*v + 2*s + 5. Let a(g) be the first derivative of 3*g**2 + 3*g + 1. Determine a(v).
-9
Let o(x) be the second derivative of x**8/6720 - x**7/840 - x**6/180 - x**4/6 + 4*x. Let k(d) be the third derivative of o(d). Give k(4).
0
Let q be (-3)/(-4) + 76/(-16). Let n(r) = 2*r + 4. Calculate n(q).
-4
Let o(v) = 10*v - 2*v + 6*v**2 + 6 + v**2 + v**3. Suppose 5*c + 55 = -5*z, 3*c + 2*z + 8 = 4*z. Determine o(c).
-6
Let b(t) = t**2 - 4*t - 3. Suppose 5*i - 15 = 2*i. Let w = 1 + i. Calculate b(w).
9
Let m(p) = p**3 + 9*p**2 - p - 2. Let q be m(-9). Let o(h) = h - 2. Let n be o(q). Let i(d) = 0 + 4*d - d**2 + 0. Calculate i(n).
-5
Let z = 1 - 0. Suppose j + 1 = -z. Let i(b) = b - 2*b - 2 + 2*b - 3*b. Calculate i(j).
2
Let f(a) = -6*a + 44 - 45 + a + 0*a. Let k be -10*4/(-30)*-3. Let z be (k/6)/((-4)/(-6)). Calculate f(z).
4
Let q(j) = j**3 + 5*j**2 + 2*j - 4. Let z(l) = l**2 - 7*l + 6. Let y = -11 + 16. Let s be z(y). What is q(s)?
4
Let o be (16/(-6) - -2)*-6. Let j(b) = -6 + 4 - o*b - 1 + 2. Determine j(1).
-5
Let g(u) be the second derivative of u**3/2 + 5*u**2/2 + 12*u. Give g(-4).
-7
Suppose -q - 5 = 3*b, -29 = 2*b + b - 5*q. Let z(f) = -2 + 6*f + f - 8*f. What is z(b)?
1
Suppose 4*t = -t - 4*s, -25 = 5*t - s. Let r(w) = -5*w**2 - 2*w + 7. Let m(h) = -h**2 + h. Let l(i) = t*m(i) + r(i). What is l(-6)?
7
Let g(p) = 3*p + 4*p**2 - p + 4 - 5*p**2 + 1. Let y(j) = j**2 - 3*j - 5. Let f(z) = -5*g(z) - 4*y(z). Determine f(-4).
3
Let p = 4 - 6. Let n be ((-4)/10)/(p/(-30)). Let f(a) = a + 10. Give f(n).
4
Let x(q) = 8*q**2 + 7*q**2 - 1 - 16*q**2 + 6*q. What is x(4)?
7
Let m(u) = u**2 + 5*u - 2. Let d be (-3*9/(-1))/(-1). Let k be d/(-45) + 23/(-5). Determine m(k).
-6
Let a(r) = r - 1. Let l(b) = -b**3 + 3*b**2 - 3*b + 6. Let c(z) = -4*a(z) - l(z). Determine c(2).
-8
Let r(u) = -u**2 - 1. Let m(f) = -2 - 3*f**2 + 3 - 3*f - f**2 + 1. Let i(q) = m(q) - 2*r(q). Calculate i(-3).
-5
Suppose -10*u = -9*u + 4. Let d = 0 + 1. Let x = u - d. Let m(c) = c**2 + 7*c + 5. Determine m(x).
-5
Let m = -37 + 67. Suppose -5 = -5*x + m. Let b(c) = -c**3 + 6*c**2 + 6*c + 1. What is b(x)?
-6
Let c(t) = 6*t**2 - 5*t + 10. Let s(v) = v - 10. Let i be s(15). Let h(z) = z**2 + 1. Let p(f) = i*h(f) - c(f). What is p(4)?
-1
Let r(n) = -4*n - 1. Let q(b) = -19*b - 6. Suppose 5*v = -5*g - 20, -5*v = 4*g - 0*v + 20. Suppose g*l + l - 11 = 0. Let i(a) = l*r(a) - 2*q(a). Calculate i(1).
-5
Let h(x) = x**3 + x**2 + x + 1. Let l(i) = -7*i**3 - 2*i**2 - 3*i - 3. Let c(u) = 6*h(u) + l(u). What is c(5)?
-7
Let j(a) = -8*a - 3*a**2 - 123*a**3 - 7 + 122*a**3 - 6*a**2. Calculate j(-8).
-7
Let c(d) = 4*d + 9. Let h(k) = 2*k + 5. Let b(z) = 4*c(z) - 7*h(z). Let l(n) = n + 1. Let v(x) = b(x) + 2*l(x). Let t = -4 + 2. What is v(t)?
-5
Suppose -2*b + 25 = -67. Suppose 4*i - 6 = -4*z + b, -3*i = z - 23. Suppose -z + 3 = r. Let p(j) = j**2 + 6*j + 7. What is p(r)?
2
Let w(j) = -j**3 + 8*j**2 - 8*j + 9. Suppose -24 = 4*b - 52. Give w(b).
2
Let s(f) be the first derivative of -f**5/20 - f**4/4 - f**3/2 - f**2/2 + 8*f + 7. Let h(g) be the first derivative of s(g). Give h(-2).
1
Suppose -4*s - 3*a + 55 = -0*s, 5*s - 4*a - 61 = 0. Suppose -5 = -2*p - s. Let d(m) = m**2 + 6*m + 1. Give d(p).
-7
Let k(z) be the third derivative of -z**6/120 + z**5/30 + z**4/6 - z**3/2 - 7*z**2. Give k(2).
5
Let t(x) = 4*x**2 + 12*x + 10. Let w(u) = -4*u + 2*u - 5*u**2 - 11*u - 2 - 9. Let f(i) = -6*t(i) - 5*w(i). Determine f(6).
-11
Let p(z) = z + 1. Let a be p(0). Let u(d) = -12*d + 7. Let b(l) = 13*l - 8. Let c(h) = 6*b(h) + 7*u(h). Give c(a).
-5
Let d(q) = -q - 2. Suppose 4*y + 12 = -5*n, 2 + 20 = -5*n + y. Let z be n*((-6)/2)/(-3). Let b(u) = -u**2 - 6*u - 3. Let h be b(z). Calculate d(h).
-7
Let n(o) = o**3 - 2*o**2 - 3*o + 1. Suppose 11*v - 26 - 7 = 0. What is n(v)?
1
Let n = -13 + 18. Let x(z) = 2*z + 14. Let q(h) = -h - 7. Let d(j) = n*q(j) + 2*x(j). Let o be d(-5). Let a(l) = l**2 - 2*l - 2. Give a(o).
6
Let y(r) = 5*r**3 - r**2 + 1. Let u be 2/(-6) - 16/(-12). Give y(u).
5
Let b(j) = -2*j + 2. Let x = -14 + 19. Suppose -5 - 1 = -2*d, -x*d + 7 = 4*g. Give b(g).
6
Let i be ((-1)/(-3))/((-10)/150). Let u(l) = 4*l**2 - 6*l - 3. Let n(f) = -7*f**2 + 12*f + 5. Let p(t) = i*u(t) - 3*n(t). Calculate p(5).
-5
Suppose o = -k + 10, 5*o + k - 45 = -3*k. Let n(j) = -j**2 + 5*j + 3. Calculate n(o).
3
Let j(c) = c. Let b be j(2). Let q(i) = 0 - 1 + 6*i - b. What is q(2)?
9
Suppose a = 5*v + 25, 4*a = -0*a - v - 5. Let f(c) = -c**2 + c + 1. Calculate f(a).
1
Let t(h) be the first derivative of -h**4/12 - h**3/2 + 2*h - 2. Let y(n) be the first derivative of t(n). Let o(f) = -f + 5. Let q be o(9). What is y(q)?
-4
Let o(p) = -p**3 - 4*p**2 + 4*p - 6. Let u be o(-5). Let j = 1 - u. Let k(x) be the second derivative of x**5/20 - x**4/6 + x**2 + x. Determine k(j).
2
Let m = 1 + 4. Suppose 2*f = 3*f - 2, 4*f = -3*u + m. Let t be (-2 - -5)*(2 + u). Let i(c) = c**3 - 3*c**2 + 2*c. Determine i(t).
6
Let u(s) = -s**3 + 6*s**2 + 3. Let z be u(6). Let a(o) = 3*o**2 - 3*o - 3. Let i(n) = -n**2 + n + 1. Let c = 2 - -3. Let x(m) = c*i(m) + 2*a(m). Determine x(z).
5
Let i be 9/6 - 5/(-2). Let d(v) = -4*v**3 + 6*v**2 - 9*v - 2. Let u(b) = -5*b**3 + 6*b**2 - 10*b - 2. Let x(w) = i*d(w) - 3*u(w). Give x(5).
-7
Let j(m) = -4*m - 3. Let c(s) = -s**2 - 4*s - 2. Let g be c(-4). Let a be j(g). Let x(k) = -k**3 + 6*k**2 - 3*k - 4. Calculate x(a).
6
Let w(j) = 3*j**2 + 4 - j**3 + 4*j + 3*j**3 - 3*j**3. Let h be 36/(-8)*(-2)/(-3). Let y be (-11)/h + (-3)/(-9). Give w(y).
4
Let s(b) = 3 + 2*b + 4*b - 6 - 5*b. Let t be s(4). Let p(k) = 2*k**2 + 0*k**2 + k**2 + 0*k**2. Give p(t).
3
Let u(w) = 3*w - 7. Let s(g) = -g + 3. Let l be s(-3). Calculate u(l).
11
Let a(w) = 5*w**2 - w - 1. Let g(p) = -p**2 + p. Let f(x) = -x - 2. Let n be f(-4). Suppose -c - n = c. Let d(m) = c*g(m) + a(m). Calculate d(-1).
7
Let g(k) = -k + 2. Suppose 4*q = q. Let h be g(q). Let t(s) = 2*s - 3*s**2 + 3*s**2 - 8*s**h - 1. What is t(1)?
-7
Let n(d) = 4*d - 14. Let j be n(4). Suppose 0 = -3*c + 4*x + 11, 0*c + 3 = 5*c + x. Let h(k) = -k**2 - c + 2*k - 2*k. What is h(j)?
-5
Let t(n) = n**3 - 4*n**2 - 2*n + 5. Let q = -25 - -29. What is t(q